5?
0
What is the tens digit of 1011?
1
What is the ten thousands digit of 33440?
3
What is the tens digit of 8111?
1
What is the units digit of 8346?
6
What is the units digit of 602?
2
What is the tens digit of 2106?
0
What is the units digit of 852?
2
What is the tens digit of 51?
5
What is the thousands digit of 114331?
4
What is the thousands digit of 13823?
3
What is the units digit of 51373?
3
What is the units digit of 9449?
9
What is the thousands digit of 87976?
7
What is the thousands digit of 10745?
0
What is the thousands digit of 6847?
6
What is the hundreds digit of 88203?
2
What is the tens digit of 848?
4
What is the hundreds digit of 55243?
2
What is the thousands digit of 45547?
5
What is the units digit of 2192?
2
What is the tens digit of 970?
7
What is the hundreds digit of 980?
9
What is the thousands digit of 2211?
2
What is the units digit of 7338?
8
What is the units digit of 19426?
6
What is the thousands digit of 1741?
1
What is the tens digit of 839?
3
What is the units digit of 1327?
7
What is the tens digit of 130759?
5
What is the thousands digit of 1583?
1
What is the thousands digit of 2982?
2
What is the hundreds digit of 360?
3
What is the units digit of 287?
7
What is the hundreds digit of 1916?
9
What is the hundreds digit of 351?
3
What is the hundreds digit of 1165?
1
What is the ten thousands digit of 10831?
1
What is the thousands digit of 8806?
8
What is the hundreds digit of 1689?
6
What is the hundreds digit of 17558?
5
What is the hundreds digit of 726?
7
What is the thousands digit of 73764?
3
What is the hundreds digit of 285?
2
What is the thousands digit of 12922?
2
What is the units digit of 1095?
5
What is the thousands digit of 2633?
2
What is the ten thousands digit of 50318?
5
What is the units digit of 7876?
6
What is the ten thousands digit of 11368?
1
What is the tens digit of 4891?
9
What is the thousands digit of 17683?
7
What is the hundreds digit of 1022?
0
What is the units digit of 1587?
7
What is the thousands digit of 35353?
5
What is the hundreds digit of 5677?
6
What is the hundreds digit of 2018?
0
What is the thousands digit of 35955?
5
What is the tens digit of 1716?
1
What is the thousands digit of 9997?
9
What is the hundreds digit of 1408?
4
What is the hundreds digit of 58840?
8
What is the thousands digit of 16663?
6
What is the tens digit of 8230?
3
What is the hundreds digit of 144?
1
What is the thousands digit of 37917?
7
What is the thousands digit of 100361?
0
What is the hundreds digit of 6087?
0
What is the units digit of 3731?
1
What is the thousands digit of 1002?
1
What is the tens digit of 10?
1
What is the units digit of 10076?
6
What is the thousands digit of 1250?
1
What is the tens digit of 312?
1
What is the hundreds digit of 16245?
2
What is the thousands digit of 2605?
2
What is the thousands digit of 20135?
0
What is the tens digit of 285?
8
What is the thousands digit of 32445?
2
What is the thousands digit of 15453?
5
What is the tens digit of 6795?
9
What is the tens digit of 14685?
8
What is the hundreds digit of 53726?
7
What is the tens digit of 545?
4
What is the hundreds digit of 1822?
8
What is the hundreds digit of 20788?
7
What is the hundreds digit of 10533?
5
What is the hundreds digit of 10678?
6
What is the units digit of 191?
1
What is the units digit of 18322?
2
What is the tens digit of 5007?
0
What is the thousands digit of 103873?
3
What is the thousands digit of 41926?
1
What is the tens digit of 2184?
8
What is the thousands digit of 2366?
2
What is the hundreds digit of 10070?
0
What is the thousands digit of 1073?
1
What is the thousands digit of 54943?
4
What is the units digit of 97?
7
What is the ten thousands digit of 57215?
5
What is the thousands digit of 2205?
2
What is the tens digit of 2723?
2
What is the tens digit of 756?
5
What is the hundreds digit of 4188?
1
What is the thousands digit of 10157?
0
What is the units digit of 26214?
4
What is the units digit of 129338?
8
What is the units digit of 11874?
4
What is the units digit of 6738?
8
What is the units digit of 888?
8
What is the hundreds digit of 3519?
5
What is the hundreds digit of 2198?
1
What is the thousands digit of 10775?
0
What is the thousands digit of 5243?
5
What is the tens digit of 4797?
9
What is the units digit of 16720?
0
What is the units digit of 8540?
0
What is the hundreds digit of 760?
7
What is the ten thousands digit of 18418?
1
What is the hundreds digit of 1961?
9
What is the tens digit of 72334?
3
What is the units digit of 44408?
8
What is the tens digit of 13474?
7
What is the tens digit of 5094?
9
What is the thousands digit of 1718?
1
What is the ten thousands digit of 13191?
1
What is the thousands digit of 8507?
8
What is the tens digit of 476?
7
What is the tens digit of 19014?
1
What is the units digit of 3571?
1
What is the thousands digit of 28818?
8
What is the tens digit of 11964?
6
What is the units digit of 859?
9
What is the units digit of 177?
7
What is the tens digit of 3762?
6
What is the tens digit of 56848?
4
What is the tens digit of 42849?
4
What is the thousands digit of 3320?
3
What is the thousands digit of 5320?
5
What is the tens digit of 1716?
1
What is the tens digit of 413?
1
What is the units digit of 7357?
7
What is the units digit of 662?
2
What is the ten thousands digit of 113191?
1
What is the thousands digit of 1324?
1
What is the thousands digit of 4523?
4
What is the units digit of 990?
0
What is the units digit of 10978?
8
What is the ten thousands digit of 127021?
2
What is the thousands digit of 6483?
6
What is the hundred thousands digit of 125188?
1
What is the thousands digit of 22205?
2
What is the tens digit of 1349?
4
What is the units digit of 339?
9
What is the thousands digit of 12093?
2
What is the tens digit of 5695?
9
What is the units digit of 71180?
0
What is the hundreds digit of 3647?
6
What is the tens digit of 73946?
4
What is the units digit of 28315?
5
What is the tens digit of 285?
8
What is the units digit of 16259?
9
What is the ten thousands digit of 12061?
1
What is the ten thousands digit of 70896?
7
What is the hundreds digit of 651?
6
What is the hundreds digit of 104426?
4
What is the tens digit of 9655?
5
What is the hundreds digit of 1160?
1
What is the tens digit of 785?
8
What is the tens digit of 816?
1
What is the tens digit of 450?
5
What is the thousands digit of 9607?
9
What is the tens digit of 2004?
0
What is the hundreds digit of 615?
6
What is the hundreds digit of 18540?
5
What is the units digit of 3957?
7
What is the tens digit of 201?
0
What is the hundreds digit of 36053?
0
What is the hundreds digit of 1128?
1
What is the thousands digit of 14835?
4
What is the tens digit of 51652?
5
What is the hundreds digit of 4253?
2
What is the units digit of 6686?
6
What is the hundreds digit of 11042?
0
What is the hundreds digit of 9630?
6
What is the thousands digit of 23874?
3
What is the ten thousands digit of 10359?
1
What is the thousands digit of 52543?
2
What is the tens digit of 11132?
3
What is the hundreds digit of 65734?
7
What is the hundreds digit of 4427?
4
What is the hundreds digit of 48657?
6
What is the thousands digit of 4889?
4
What is the units digit of 8661?
1
What is the units digit of 170?
0
What is the tens digit of 15212?
1
What is the units digit of 263?
3
What is the hundreds digit of 493?
4
What is the thousands digit of 22027?
2
What is the tens digit of 22735?
3
What is the ten thousands digit of 49268?
4
What is the hundreds digit of 2062?
0
What is the units digit of 29624?
4
What is the hundreds digit of 13516?
5
What is the units digit of 25483?
3
What is the units digit of 13?
3
What is the hundreds digit of 2055?
0
What is the thousands digit of 1214?
1
What is the thousands digit of 6189?
6
What is the tens digit of 35259?
5
What is the hundreds digit of 3501?
5
What is the units digit of 14289?
9
What is the tens digit of 46?
4
What is the thousands digit of 7557?
7
What is the hundreds digit of 419?
4
What is the ten thousands digit of 45947?
4
What is the units digit of 19622?
2
What is the tens digit of 1867?
6
What is the hundreds digit of 1010?
0
What is the ten thousands digit of 48836?
4
What is the uni